{"id":130,"date":"2023-01-04T18:21:26","date_gmt":"2023-01-04T17:21:26","guid":{"rendered":"https:\/\/ekeviken.se\/port\/?post_type=product&#038;p=130"},"modified":"2023-01-04T22:42:21","modified_gmt":"2023-01-04T21:42:21","slug":"smyckekurs","status":"publish","type":"product","link":"https:\/\/ekeviken.se\/port\/product\/smyckekurs\/","title":{"rendered":"Smyckekurs (2)"},"content":{"rendered":"<figure id=\"attachment_23\" aria-describedby=\"caption-attachment-23\" style=\"width: 288px\" class=\"wp-caption alignnone\"><img loading=\"lazy\" decoding=\"async\" class=\"wp-image-23 size-full\" src=\"https:\/\/ekeviken.se\/port\/wp-content\/uploads\/2022\/01\/DSC02138x.jpg\" alt=\"Sten i sten\" width=\"288\" height=\"197\" \/><figcaption id=\"caption-attachment-23\" class=\"wp-caption-text\">Konglomerat<\/figcaption><\/figure>\n<p>&nbsp;<\/p>\n","protected":false},"excerpt":{"rendered":"<p>Fr\u00e5ga mig om att g\u00f6ra smycken. De sm\u00e5 p\u00e4rlorna \u00e4r min specialitet.<\/p>\n","protected":false},"featured_media":23,"comment_status":"closed","ping_status":"closed","template":"","meta":[],"product_cat":[23],"product_tag":[],"class_list":["post-130","product","type-product","status-publish","has-post-thumbnail","hentry","product_cat-coaching"],"_links":{"self":[{"href":"https:\/\/ekeviken.se\/port\/wp-json\/wp\/v2\/product\/130","targetHints":{"allow":["GET"]}}],"collection":[{"href":"https:\/\/ekeviken.se\/port\/wp-json\/wp\/v2\/product"}],"about":[{"href":"https:\/\/ekeviken.se\/port\/wp-json\/wp\/v2\/types\/product"}],"replies":[{"embeddable":true,"href":"https:\/\/ekeviken.se\/port\/wp-json\/wp\/v2\/comments?post=130"}],"wp:featuredmedia":[{"embeddable":true,"href":"https:\/\/ekeviken.se\/port\/wp-json\/wp\/v2\/media\/23"}],"wp:attachment":[{"href":"https:\/\/ekeviken.se\/port\/wp-json\/wp\/v2\/media?parent=130"}],"wp:term":[{"taxonomy":"product_cat","embeddable":true,"href":"https:\/\/ekeviken.se\/port\/wp-json\/wp\/v2\/product_cat?post=130"},{"taxonomy":"product_tag","embeddable":true,"href":"https:\/\/ekeviken.se\/port\/wp-json\/wp\/v2\/product_tag?post=130"}],"curies":[{"name":"wp","href":"https:\/\/api.w.org\/{rel}","templated":true}]}}